{"id":258,"date":"2020-04-16T20:18:18","date_gmt":"2020-04-16T20:18:18","guid":{"rendered":"http:\/\/marcello.sk\/food_by_me\/?page_id=258"},"modified":"2020-04-16T20:18:46","modified_gmt":"2020-04-16T20:18:46","slug":"natierky","status":"publish","type":"page","link":"https:\/\/marcello.sk\/food_by_me\/natierky\/","title":{"rendered":"N\u00e1tierky"},"content":{"rendered":"      <div id=\"post-grid-lazy-257\" class=\"post-grid-lazy\"><img decoding=\"async\" alt=\"\" src=\"\" \/><\/div>\n    <script>\n      jQuery('#post-grid-lazy-257').ready(function($) {\n        $('#post-grid-lazy-257').fadeOut();\n        $('#post-grid-257   ').fadeIn();\n      })\n    <\/script>\n    <style type=\"text\/css\">\n      #post-grid-257 {\n        display: none;\n      }\n\n      .post-grid-lazy {\n        text-align: center;\n      }\n    <\/style>\n    <div data-options='{&quot;id&quot;:&quot;257&quot;,&quot;lazy_load&quot;:&quot;yes&quot;,&quot;masonry_enable&quot;:&quot;no&quot;,&quot;view_type&quot;:&quot;grid&quot;}' id=\"post-grid-257\" class=\"post-grid grid\">\n        <div class=\"grid-items\">\n      <div class=\"item item-296 skin flat even 0 \">\n        <div class=\"layer-wrapper layout-\">\n        <div class=\"layer-media\"><a href=\"https:\/\/marcello.sk\/food_by_me\/bryndzova-pomazanka\/\"><img decoding=\"async\" alt=\"\" src=\"https:\/\/marcello.sk\/food_by_me\/wp-content\/uploads\/2020\/05\/IMG_1775-1024x768.jpeg\" \/><\/a><\/div>\n  <div class=\"layer-content\">\n        <div class=\"element element_0  title_link \">\n                    <a target=\"\"\n                href=\"https:\/\/marcello.sk\/food_by_me\/bryndzova-pomazanka\/\">Bryndzov\u00e1 pomaz\u00e1nka<\/a>\n            <\/div>\n    <div class=\"element element_1  excerpt \">\n                    <\/div>\n            <a class=\"element element_2  read_more \"\n            target=\"\"\n            href=\"https:\/\/marcello.sk\/food_by_me\/bryndzova-pomazanka\/\"><\/a>\n      <\/div>\n    <\/div>\n  <\/div><div class=\"item item-285 skin flat odd 1 \">\n        <div class=\"layer-wrapper layout-\">\n        <div class=\"layer-media\"><a href=\"https:\/\/marcello.sk\/food_by_me\/avokadovo-vajickova\/\"><img decoding=\"async\" alt=\"\" src=\"https:\/\/marcello.sk\/food_by_me\/wp-content\/uploads\/2020\/05\/541AADFC-0997-4EDC-9E4B-D3A8F973849D-1024x768.jpeg\" \/><\/a><\/div>\n  <div class=\"layer-content\">\n        <div class=\"element element_0  title_link \">\n                    <a target=\"\"\n                href=\"https:\/\/marcello.sk\/food_by_me\/avokadovo-vajickova\/\">Avok\u00e1dovo-vaj\u00ed\u010dkov\u00e1<\/a>\n            <\/div>\n    <div class=\"element element_1  excerpt \">\n                    <\/div>\n            <a class=\"element element_2  read_more \"\n            target=\"\"\n            href=\"https:\/\/marcello.sk\/food_by_me\/avokadovo-vajickova\/\"><\/a>\n      <\/div>\n    <\/div>\n  <\/div>    <\/div>\n    <div class=\"pagination\">\n      <div class=\"paginate\">\n      <\/div>\n  <style type=\"text\/css\">\n    #post-grid-257 .pagination .page-numbers {\n      font-size: 16px;\n      color: #fff;\n      background: #646464;\n    }\n\n    #post-grid-257 .pagination .page-numbers:hover,\n    #post-grid-257 .pagination .page-numbers.current {\n      background: #4b4b4b;\n    }\n  <\/style>\n  <\/div>\n      <script>\n          <\/script>\n    <style type=\"text\/css\">\n    #post-grid-257 .element_0 {\n      display: block;font-size: 21px;line-height: normal;padding: 5px 10px;text-align: left; text-decoration: none;    }\n\n    #post-grid-257 .element_1 {\n      display: block;font-size: 14px;padding: 5px 10px;text-align: left;    }\n\n    #post-grid-257 .element_2 {\n      display: block;font-size: 12px;font-weight: bold;padding: 0 10px;text-align: left;text-decoration: none;    }\n\n    #post-grid-257 .element_0:hover{}#post-grid-257 .element_1:hover{}#post-grid-257 .element_2:hover{}  <\/style>\n  <style type=\"text\/css\">\n    #post-grid-257 {\n      padding: 10px;\n          }\n\n    #post-grid-257 .item {\n      padding: 0px;\n      background: #fff;\n          }\n\n    #post-grid-257 .item .layer-media {\n      height:auto;    }\n\n    @media only screen and (min-width: 0px) and (max-width: 767px) {\n      #post-grid-257 .grid-items {\n        text-align: center;\n              }\n\n      #post-grid-257 .item {\n        width: 90%;\n        margin: 10px;\n        display: inline-block;\n        vertical-align: top;\n        height:auto;      }\n    }\n\n    @media only screen and (min-width: 768px) and (max-width: 1023px) {\n      #post-grid-257 .grid-items {\n        text-align: center;\n              }\n\n      #post-grid-257 .item {\n        width: 280px;\n        margin: 10px;\n        display: inline-block;\n        vertical-align: top;\n        max-height:auto;      }\n    }\n\n    @media only screen and (min-width: 1024px) {\n      #post-grid-257 .grid-items {\n        text-align: center;\n              }\n\n      #post-grid-257 .item {\n        width: 280px;\n        display: inline-block;\n        margin: 10px;\n        vertical-align: top;\n        height:auto;      }\n    }\n\n      <\/style>\n  <\/div>\n\n","protected":false},"excerpt":{"rendered":"","protected":false},"author":1,"featured_media":0,"parent":0,"menu_order":0,"comment_status":"closed","ping_status":"closed","template":"","meta":{"footnotes":""},"class_list":["post-258","page","type-page","status-publish","hentry"],"_links":{"self":[{"href":"https:\/\/marcello.sk\/food_by_me\/wp-json\/wp\/v2\/pages\/258","targetHints":{"allow":["GET"]}}],"collection":[{"href":"https:\/\/marcello.sk\/food_by_me\/wp-json\/wp\/v2\/pages"}],"about":[{"href":"https:\/\/marcello.sk\/food_by_me\/wp-json\/wp\/v2\/types\/page"}],"author":[{"embeddable":true,"href":"https:\/\/marcello.sk\/food_by_me\/wp-json\/wp\/v2\/users\/1"}],"replies":[{"embeddable":true,"href":"https:\/\/marcello.sk\/food_by_me\/wp-json\/wp\/v2\/comments?post=258"}],"version-history":[{"count":2,"href":"https:\/\/marcello.sk\/food_by_me\/wp-json\/wp\/v2\/pages\/258\/revisions"}],"predecessor-version":[{"id":261,"href":"https:\/\/marcello.sk\/food_by_me\/wp-json\/wp\/v2\/pages\/258\/revisions\/261"}],"wp:attachment":[{"href":"https:\/\/marcello.sk\/food_by_me\/wp-json\/wp\/v2\/media?parent=258"}],"curies":[{"name":"wp","href":"https:\/\/api.w.org\/{rel}","templated":true}]}}