{"id":193,"date":"2020-03-30T17:52:55","date_gmt":"2020-03-30T17:52:55","guid":{"rendered":"http:\/\/marcello.sk\/food_by_me\/?page_id=193"},"modified":"2020-03-30T18:39:19","modified_gmt":"2020-03-30T18:39:19","slug":"polievky","status":"publish","type":"page","link":"https:\/\/marcello.sk\/food_by_me\/polievky\/","title":{"rendered":"Polievky"},"content":{"rendered":"      <div id=\"post-grid-lazy-220\" class=\"post-grid-lazy\"><img decoding=\"async\" alt=\"\" src=\"\" \/><\/div>\n    <script>\n      jQuery('#post-grid-lazy-220').ready(function($) {\n        $('#post-grid-lazy-220').fadeOut();\n        $('#post-grid-220   ').fadeIn();\n      })\n    <\/script>\n    <style type=\"text\/css\">\n      #post-grid-220 {\n        display: none;\n      }\n\n      .post-grid-lazy {\n        text-align: center;\n      }\n    <\/style>\n    <div data-options='{&quot;id&quot;:&quot;220&quot;,&quot;lazy_load&quot;:&quot;yes&quot;,&quot;masonry_enable&quot;:&quot;no&quot;,&quot;view_type&quot;:&quot;grid&quot;}' id=\"post-grid-220\" class=\"post-grid grid\">\n        <div class=\"grid-items\">\n      <div class=\"item item-371 skin flat even 0 \">\n        <div class=\"layer-wrapper layout-\">\n        <div class=\"layer-media\"><a class=\"custom\" href=\"https:\/\/marcello.sk\/food_by_me\/rychla-hrachova-s-haluskami\/\"><img decoding=\"async\" src=\"https:\/\/marcello.sk\/food_by_me\/wp-content\/plugins\/post-grid\/assets\/images\/placeholder.png\" \/><\/a><\/div>\n  <div class=\"layer-content\">\n        <div class=\"element element_0  title_link \">\n                    <a target=\"\"\n                href=\"https:\/\/marcello.sk\/food_by_me\/rychla-hrachova-s-haluskami\/\">R\u00fdchla hrachov\u00e1 s halu\u0161kami<\/a>\n            <\/div>\n    <div class=\"element element_1  excerpt \">\n                    <\/div>\n            <a class=\"element element_2  read_more \"\n            target=\"\"\n            href=\"https:\/\/marcello.sk\/food_by_me\/rychla-hrachova-s-haluskami\/\"><\/a>\n      <\/div>\n    <\/div>\n  <\/div><div class=\"item item-320 skin flat odd 1 \">\n        <div class=\"layer-wrapper layout-\">\n        <div class=\"layer-media\"><a href=\"https:\/\/marcello.sk\/food_by_me\/cviklova-polievka\/\"><img decoding=\"async\" alt=\"\" src=\"https:\/\/marcello.sk\/food_by_me\/wp-content\/uploads\/2022\/01\/4F63AE8B-5BDB-448C-820C-05C36BEA4EBB-1024x768.jpeg\" \/><\/a><\/div>\n  <div class=\"layer-content\">\n        <div class=\"element element_0  title_link \">\n                    <a target=\"\"\n                href=\"https:\/\/marcello.sk\/food_by_me\/cviklova-polievka\/\">Cviklov\u00e1 polievka<\/a>\n            <\/div>\n    <div class=\"element element_1  excerpt \">\n                    <\/div>\n            <a class=\"element element_2  read_more \"\n            target=\"\"\n            href=\"https:\/\/marcello.sk\/food_by_me\/cviklova-polievka\/\"><\/a>\n      <\/div>\n    <\/div>\n  <\/div><div class=\"item item-263 skin flat even 2 \">\n        <div class=\"layer-wrapper layout-\">\n        <div class=\"layer-media\"><a href=\"https:\/\/marcello.sk\/food_by_me\/paradajkova-s-bazalkovym-pestom\/\"><img decoding=\"async\" alt=\"\" src=\"https:\/\/marcello.sk\/food_by_me\/wp-content\/uploads\/2020\/04\/IMG_1754-1024x768.jpeg\" \/><\/a><\/div>\n  <div class=\"layer-content\">\n        <div class=\"element element_0  title_link \">\n                    <a target=\"\"\n                href=\"https:\/\/marcello.sk\/food_by_me\/paradajkova-s-bazalkovym-pestom\/\">Paradajkov\u00e1 s bazalkov\u00fdm pestom<\/a>\n            <\/div>\n    <div class=\"element element_1  excerpt \">\n                    <\/div>\n            <a class=\"element element_2  read_more \"\n            target=\"\"\n            href=\"https:\/\/marcello.sk\/food_by_me\/paradajkova-s-bazalkovym-pestom\/\"><\/a>\n      <\/div>\n    <\/div>\n  <\/div><div class=\"item item-254 skin flat odd 3 \">\n        <div class=\"layer-wrapper layout-\">\n        <div class=\"layer-media\"><a href=\"https:\/\/marcello.sk\/food_by_me\/indicka-rajcatova-s-sosovicou\/\"><img decoding=\"async\" alt=\"\" src=\"https:\/\/marcello.sk\/food_by_me\/wp-content\/uploads\/2020\/04\/IMG_1658-1024x768.jpeg\" \/><\/a><\/div>\n  <div class=\"layer-content\">\n        <div class=\"element element_0  title_link \">\n                    <a target=\"\"\n                href=\"https:\/\/marcello.sk\/food_by_me\/indicka-rajcatova-s-sosovicou\/\">Indick\u00e1 raj\u010datov\u00e1 s \u0161o\u0161ovicou<\/a>\n            <\/div>\n    <div class=\"element element_1  excerpt \">\n                    <\/div>\n            <a class=\"element element_2  read_more \"\n            target=\"\"\n            href=\"https:\/\/marcello.sk\/food_by_me\/indicka-rajcatova-s-sosovicou\/\"><\/a>\n      <\/div>\n    <\/div>\n  <\/div><div class=\"item item-247 skin flat even 4 \">\n        <div class=\"layer-wrapper layout-\">\n        <div class=\"layer-media\"><a href=\"https:\/\/marcello.sk\/food_by_me\/rychla-mrkvovo-ovsena\/\"><img decoding=\"async\" alt=\"\" src=\"https:\/\/marcello.sk\/food_by_me\/wp-content\/uploads\/2020\/04\/IMG_1621-1024x768.jpeg\" \/><\/a><\/div>\n  <div class=\"layer-content\">\n        <div class=\"element element_0  title_link \">\n                    <a target=\"\"\n                href=\"https:\/\/marcello.sk\/food_by_me\/rychla-mrkvovo-ovsena\/\">R\u00fdchla mrkvovo-ovsen\u00e1<\/a>\n            <\/div>\n    <div class=\"element element_1  excerpt \">\n                    <\/div>\n            <a class=\"element element_2  read_more \"\n            target=\"\"\n            href=\"https:\/\/marcello.sk\/food_by_me\/rychla-mrkvovo-ovsena\/\"><\/a>\n      <\/div>\n    <\/div>\n  <\/div><div class=\"item item-211 skin flat odd 5 \">\n        <div class=\"layer-wrapper layout-\">\n        <div class=\"layer-media\"><a href=\"https:\/\/marcello.sk\/food_by_me\/bryndzova-polievka\/\"><img decoding=\"async\" alt=\"\" src=\"https:\/\/marcello.sk\/food_by_me\/wp-content\/uploads\/2020\/03\/IMG_1615-1024x768.jpg\" \/><\/a><\/div>\n  <div class=\"layer-content\">\n        <div class=\"element element_0  title_link \">\n                    <a target=\"\"\n                href=\"https:\/\/marcello.sk\/food_by_me\/bryndzova-polievka\/\">Bryndzov\u00e1 polievka<\/a>\n            <\/div>\n    <div class=\"element element_1  excerpt \">\n                    <\/div>\n            <a class=\"element element_2  read_more \"\n            target=\"\"\n            href=\"https:\/\/marcello.sk\/food_by_me\/bryndzova-polievka\/\"><\/a>\n      <\/div>\n    <\/div>\n  <\/div>    <\/div>\n    <div class=\"pagination\">\n      <div class=\"paginate\">\n      <\/div>\n  <style type=\"text\/css\">\n    #post-grid-220 .pagination .page-numbers {\n      font-size: 16px;\n      color: #fff;\n      background: #646464;\n    }\n\n    #post-grid-220 .pagination .page-numbers:hover,\n    #post-grid-220 .pagination .page-numbers.current {\n      background: #4b4b4b;\n    }\n  <\/style>\n  <\/div>\n      <script>\n          <\/script>\n    <style type=\"text\/css\">\n    #post-grid-220 .element_0 {\n      display: block;font-size: 21px;line-height: normal;padding: 5px 10px;text-align: left; text-decoration: none;    }\n\n    #post-grid-220 .element_1 {\n      display: block;font-size: 14px;padding: 5px 10px;text-align: left;    }\n\n    #post-grid-220 .element_2 {\n      display: block;font-size: 12px;font-weight: bold;padding: 0 10px;text-align: left;text-decoration: none;    }\n\n    #post-grid-220 .element_0:hover{}#post-grid-220 .element_1:hover{}#post-grid-220 .element_2:hover{}  <\/style>\n  <style type=\"text\/css\">\n    #post-grid-220 {\n      padding: 10px;\n          }\n\n    #post-grid-220 .item {\n      padding: 0px;\n      background: #fff;\n          }\n\n    #post-grid-220 .item .layer-media {\n      height:auto;    }\n\n    @media only screen and (min-width: 0px) and (max-width: 767px) {\n      #post-grid-220 .grid-items {\n        text-align: center;\n              }\n\n      #post-grid-220 .item {\n        width: 90%;\n        margin: 10px;\n        display: inline-block;\n        vertical-align: top;\n        height:auto;      }\n    }\n\n    @media only screen and (min-width: 768px) and (max-width: 1023px) {\n      #post-grid-220 .grid-items {\n        text-align: center;\n              }\n\n      #post-grid-220 .item {\n        width: 280px;\n        margin: 10px;\n        display: inline-block;\n        vertical-align: top;\n        max-height:auto;      }\n    }\n\n    @media only screen and (min-width: 1024px) {\n      #post-grid-220 .grid-items {\n        text-align: center;\n              }\n\n      #post-grid-220 .item {\n        width: 280px;\n        display: inline-block;\n        margin: 10px;\n        vertical-align: top;\n        height:auto;      }\n    }\n\n      <\/style>\n  <\/div>\n\n","protected":false},"excerpt":{"rendered":"","protected":false},"author":1,"featured_media":0,"parent":0,"menu_order":0,"comment_status":"closed","ping_status":"closed","template":"","meta":{"footnotes":""},"class_list":["post-193","page","type-page","status-publish","hentry"],"_links":{"self":[{"href":"https:\/\/marcello.sk\/food_by_me\/wp-json\/wp\/v2\/pages\/193","targetHints":{"allow":["GET"]}}],"collection":[{"href":"https:\/\/marcello.sk\/food_by_me\/wp-json\/wp\/v2\/pages"}],"about":[{"href":"https:\/\/marcello.sk\/food_by_me\/wp-json\/wp\/v2\/types\/page"}],"author":[{"embeddable":true,"href":"https:\/\/marcello.sk\/food_by_me\/wp-json\/wp\/v2\/users\/1"}],"replies":[{"embeddable":true,"href":"https:\/\/marcello.sk\/food_by_me\/wp-json\/wp\/v2\/comments?post=193"}],"version-history":[{"count":2,"href":"https:\/\/marcello.sk\/food_by_me\/wp-json\/wp\/v2\/pages\/193\/revisions"}],"predecessor-version":[{"id":222,"href":"https:\/\/marcello.sk\/food_by_me\/wp-json\/wp\/v2\/pages\/193\/revisions\/222"}],"wp:attachment":[{"href":"https:\/\/marcello.sk\/food_by_me\/wp-json\/wp\/v2\/media?parent=193"}],"curies":[{"name":"wp","href":"https:\/\/api.w.org\/{rel}","templated":true}]}}